tive of o**3/6 - 3*o**2/2 + o. Let p = 33 + -27. Calculate t(p).
3
Let a = 12 + -6. Let o be (-4 - -1)/(a/(-4)). Let q(r) = o - r**2 + 5*r - 2*r**2 + r**3 + 8*r**2. What is q(-4)?
-2
Let r(i) be the third derivative of i**4/24 - 5*i**3/6 - 12*i**2. Let o(d) = 2*d - 12. Let c be o(9). Determine r(c).
1
Let v(n) = 4*n + 6. Suppose 4*m - q = -0*q - 21, 0 = -3*m + 5*q - 37. Determine v(m).
-10
Suppose 0 = -0*s - 4*s + 4. Suppose -s = -2*j + j. Let m(g) = -10*g**2 - g + 1. Determine m(j).
-10
Let d(n) = n**2 - 9*n - 1. Let l(x) = 2*x**2 - 18*x - 2. Let a(o) = -9*d(o) + 4*l(o). Let b be a(9). Let r(y) = 2*y + 1. Determine r(b).
3
Let l(v) = -v**3 - 10*v**2 + 12*v + 16. Let w be l(-11). Suppose 3*q + 21 = 3*c, 2*c + c = w*q + 43. Let n = -6 - q. Let r(u) = -u**2 + 5*u + 6. Give r(n).
6
Let r(o) = -5*o**2 + o + 4*o**2 - 3 + o**3 + 2*o. Let s be (60/5)/(-3) - -3*2. What is r(s)?
7
Let j(o) = 0 + 4*o + 3*o - 2 - 2*o - 31*o**3 - 5*o**2 + 32*o**3. Let a be 4/14 - (-38)/14. Give j(a).
-5
Let c be 2/3 - (-2)/(-3). Let n(v) = -v**2 - v + 15. Calculate n(c).
15
Let b(l) be the second derivative of -l**3/6 + l**2/2 + 4*l. Let f(g) = 4*g - 7. Let s(p) = 6*b(p) + f(p). What is s(-4)?
7
Suppose -2*s = -2, -s - 5 = -4*r - 2*s. Let t(u) = 6*u**2 - 2*u + 1. Calculate t(r).
5
Let l(f) = 5*f + 8. Let n(v) = -14*v - 24. Let s(y) = -11*l(y) - 4*n(y). Let u(o) = 1. Let i(k) = -s(k) + 4*u(k). Calculate i(-4).
0
Let n(p) = p**3 - p**2 - p. Suppose 2*m = -m + 3. Let x be (m/2)/(2/(-4)). Calculate n(x).
-1
Let l(f) = -4 - f + 5*f - 2*f. Suppose 2*k = -j - 9, 2*j - 9 = 3*k + 1. What is l(k)?
-12
Let u(k) = -k**3 + 8*k**2 - 5*k + 6. Let b(r) = -4*r**3 + 32*r**2 - 19*r + 25. Let p(t) = 2*b(t) - 9*u(t). Give p(7).
-4
Let v(m) = -m**2 + m - 5. Let i = 8 - 32. Let l be 2/8 + 6/i. Determine v(l).
-5
Let k(c) = c**3 - c**2 + 3*c - 3. Suppose j + 8 = 4*d - 0, 0 = 4*j. What is k(d)?
7
Let r = 63 + -57. Let a(u) = u**2 - 8*u + 6. Determine a(r).
-6
Let o = 4 - 3. Let m(t) = -3*t**2 + 4*t - 2. Let w(x) = -x**2 + x + 1. Let n(l) = o*m(l) - w(l). Let g(h) = -h**3 - h**2 - 2. Let v be g(-2). What is n(v)?
-5
Let d(b) be the first derivative of -2*b**3/3 - 2*b**2 + b - 2. Let p be d(-3). Let j(o) = -o - 2. Calculate j(p).
3
Suppose v - 24 = 3*d, 4*v + 0*d - 60 = 3*d. Let g be 8/v*(-9)/(-2). Let y(p) = 2*p + p**2 - 2*p**g - 4*p + 0*p**3 + 1. What is y(1)?
-2
Suppose 2*w - 6 = -2. Let t(d) = 4 - 7*d**2 - d**3 + 3*d**2 + w*d - 2*d. What is t(-4)?
4
Suppose s + 2*s = 9. Let k(o) be the first derivative of -1/4*o**4 + 3 + o - 2*o**2 + 5/3*o**3. What is k(s)?
7
Suppose 3*o = -2 + 14. Suppose 5*y + 49 = -o*s + 14, -2*s - y = 13. Let l(m) = -m**2 - 6*m + 2. Determine l(s).
7
Let p(r) = -r**2 + 5*r + 1. Suppose 0 = -5*f + 15, 3*s - 15 + 123 = -2*f. Let g = s + 58. Suppose -2*h - g = -6*h. What is p(h)?
1
Suppose -5*t - 10 = 0, 5*p - 4*t = -2*t + 84. Let s be (p/(-12))/((-4)/6). Let n(u) = u**3 - 2*u**2 + 2*u + 1. Give n(s).
5
Let g(m) = m - 1. Let c = 1 - 0. Let p(k) = -3*k + 6. Let h(w) = c*p(w) + 6*g(w). Give h(4).
12
Let q(h) be the first derivative of h**2/2 - h + 1. Let j(u) = -u + 27. Let d be j(25). What is q(d)?
1
Let p(w) = 3*w**3 + 1 - 4*w**3 + 0*w**2 + 3*w - 2*w**2. Let z be (-3 + 7)*1/1. Suppose 3*r - z*r - 2*g - 7 = 0, 4*r + 6 = 3*g. Give p(r).
1
Let y(u) = -7*u**3 + u + 7. Let i(k) = 6*k**3 + k**2 - 7. Let f(w) = -6*i(w) - 5*y(w). Give f(-5).
7
Suppose 4 = -r + a, 3*a - 4 = r + a. Let h(q) = -4. Let u(c) = 3. Let d(n) = -5*h(n) - 7*u(n). Let v(g) = -g - 2. Let j(o) = r*d(o) + v(o). Give j(5).
-3
Let s(l) = l**3 - 5*l**2 + 5*l - 1. Let w be (-5)/5 + 6 + -1. Determine s(w).
3
Let f(h) = 134*h - 3 - 40*h - h**2 - 45*h - 47*h. Determine f(3).
-6
Let m(n) = -n + 25. Let d be m(25). Let j(w) = -w**2 + w + 17. Give j(d).
17
Let v = -2 - 0. Let u(b) = -b**3 - b**2 - 2*b - 10 + 12 + 2*b. Give u(v).
6
Let r(t) = -1. Let u(g) = -18*g**3 - g**2 + 5*g - 5. Let y(m) = -5*r(m) + u(m). Let b(s) = 17*s**3 + s**2 - 4*s. Let i(f) = -6*b(f) - 5*y(f). What is i(-1)?
12
Let i(n) be the second derivative of 1/6*n**3 + 0 + n - 11/2*n**2. Let k(a) = -a**2 + 6*a - 3. Let u be k(4). Determine i(u).
-6
Suppose 4*b - 5*i = -92, 3*i + i - 34 = b. Let h = 24 + b. Let a(x) = x**2 - 4*x - 2. What is a(h)?
10
Let h(j) = -j**2 - 4*j - 4. Suppose -2*z = u + z + 11, -5*z = -2*u. Calculate h(u).
-9
Let a(t) = t**2 - 4. Suppose 9*z + 23 + 4 = 0. Determine a(z).
5
Suppose 8 = -5*d - 4*a, 0 = 2*d - 0*a + 3*a - 1. Let q(j) = -2*j + 4. Give q(d).
12
Let z(w) = 4 - 5 + 5*w + 4 + 1. Calculate z(-4).
-16
Let q(u) be the third derivative of u**4/24 - 2*u**3/3 + 15*u**2. What is q(11)?
7
Let y = 1 + 1. Let w(j) be the first derivative of j**3/3 - 3*j**2/2 + j + 23. Determine w(y).
-1
Let f(l) = -1 - 1 - 8*l + 3. Let a be (-24)/15*10/(-4). Let z = a - 5. Determine f(z).
9
Let r = 12 + -13. Let y(a) = 11*a + 1. Give y(r).
-10
Let s(y) be the first derivative of 4 - y**3 + y + 1/2*y**2. Let v(z) = z - 5. Let q be v(4). What is s(q)?
-3
Let f(x) = x + 9. Let c be f(-9). Suppose c*q = q. Let y(t) = -13*t**2 - 13*t - 29. Let k(w) = 7*w**2 + 7*w + 15. Let j(i) = -11*k(i) - 6*y(i). Give j(q).
9
Let s(w) be the second derivative of 0 + 1/2*w**2 - 1/6*w**3 + 2*w - 1/20*w**5 + 5/12*w**4. What is s(2)?
11
Let o(t) = -5*t**3 + 2*t**2 + 3*t + 4. Let q(f) = -5*f**3 + f**2 + 2*f + 3. Let u(r) = 2*o(r) - 3*q(r). Calculate u(-1).
-5
Let k(u) = 0 + 8 - u - 7. Determine k(6).
-5
Let a(i) = -3*i - 5. Let r(x) = -6*x - 10. Let w(p) = p**2 + 3*p - 7. Let h be w(-5). Let j(y) = h*r(y) - 5*a(y). Give j(-4).
7
Let s(x) = -x**2 - 1. Let w = 12 - 10. Suppose -4*n = -w*d + 8, -8*d + 3*d = 10. Calculate s(n).
-10
Let w(r) = 8*r**2 - r - 1. Let u(v) = -3*v**2 + 63*v - 1. Let a be u(21). Determine w(a).
8
Let a(r) = r**2 - r - 2. Let q(w) = w - 1. Let n(v) = -a(v) + 4*q(v). Determine n(3).
4
Let h be 102/119*(7 - 0). Let o(v) = -v**2 + 7*v + 2. Calculate o(h).
8
Suppose 2*y = 6*y - 16. Suppose 2*f - 2*q - 35 = -3*f, 4*f = -2*q + 10. Let d(u) = -3*u + 3 - f + y*u. Determine d(5).
3
Suppose -35 = 3*m + 2*m. Let b(o) = -o**2 - 4*o + 8. What is b(m)?
-13
Let m(t) = 10*t + 3. Let k be m(-1). Let i(y) = -y**2 - 8*y - 1. What is i(k)?
6
Let h = 107 + -107. Let g be (-5)/(-2) + (-2)/(-4). Suppose l = -h*l - 3*d + 6, -2*l = d + g. Let t(x) = x**2 + 4*x - 2. Determine t(l).
-5
Let j(b) be the third derivative of 0*b + 1/120*b**6 + 0 - 3*b**2 + 1/20*b**5 + 1/12*b**4 - 1/6*b**3. Calculate j(-2).
-1
Let z(h) = -2*h**2 - 4*h - 2. Let f = -4 - -2. Calculate z(f).
-2
Let w = -37 + 40. Let q(x) = -x**3 + 3*x**2 + x - 4. What is q(w)?
-1
Let m(p) = p**3 + 5*p**2 + 3*p + 3. Let z = -3 + 12. Let k be (-60)/z*12/(-10). Suppose -r - k = r. Give m(r).
7
Let g(j) = -3*j**2 + 7*j + 19. Let o(s) = 4*s**2 - 10*s - 28. Let f(l) = -7*g(l) - 5*o(l). Let y be 196/10 - 6/(-15). Suppose 15*a = y*a. What is f(a)?
7
Let k(w) be the third derivative of -w**4/12 + 29*w**2. Suppose -3*g + 12 = -0*g. Give k(g).
-8
Suppose c = 5*c - 36. Suppose -c + 4 = -d. Suppose 0*x - d = -5*x. Let q(l) = -9*l. Give q(x).
-9
Let u(m) = -m + 3. Let q(x) = x + 1. Let c(l) = -2*q(l) - u(l). Suppose 0 = -4*f + w - 26, 3*f + 3*w = -10 - 2. What is c(f)?
1
Let k(p) be the third derivative of -p**5/6 + p**4/24 + p**3/6 - 2*p**2. Let c = 0 - -4. Suppose -4*m = 3*g + 14 - 1, -5*m + 7 = -c*g. Determine k(m).
-10
Let l(d) = 3*d - 12. Let h be l(4). Let f(w) = w + 17. Give f(h).
17
Let g = -23 - -27. Let t(x) be the first derivative of 1/4*x**g + 4*x - 1 + 0*x**2 + 4/3*x**3. Give t(-4).
4
Let c = 11 + -16. Let n = 2 - 1. Let z(i) = -5 - i - 1 + n. Calculate z(c).
0
Let j(v) = v**3 + 5*v**2 + 3*v + 1. Let g be (6/(-10))/((-8)/10 - -1). Determine j(g).
10
Suppose 0*n = -5*n + 20. Let b(y) = -y**3 + 4*y**2 + 2*y - 4. Give b(n).
4
Let z(d) = -4*d - 3. Let j be z(-2). Let f(w) be the second derivative of 1/4*w**4 - 2*w + 1/2*w**2 + 0 + 1/2*w**3 + 1/20*w**j. Give f(-2).
-1
Let k(f) = f + 1. Suppose -5*o + 2*s + 27 = 0, -2*s = -5*o + 3*s + 30. Let d = 0 - o. Let m = -1 - d. What is k(m)?
5
Let l(v) = -6*v + 3. Let i(b) = 5*b - 2. Let n(t) = 7*i(t) + 6*l(t). Suppose -22 = 7*u - 3*u + 2*k, -k = -2*u - 5. Let p be 2/u - 14/(-4). Give n(p).
1
Let z(h) = 4*h**3 + 3*h**2 - 16*h + 21. Let v(u) = u**3 + u**2 - 4*u + 5. Let l(r) = 9*v(r) -